ns digit of 1411980?
1
What is the thousands digit of 2005224?
5
What is the ten thousands digit of 1098650?
9
What is the units digit of 1950404?
4
What is the hundreds digit of 755221?
2
What is the millions digit of 5277618?
5
What is the units digit of 218197?
7
What is the hundreds digit of 1245084?
0
What is the units digit of 9305102?
2
What is the units digit of 663256?
6
What is the hundreds digit of 314318?
3
What is the hundred thousands digit of 19073412?
0
What is the thousands digit of 8707972?
7
What is the hundreds digit of 616605?
6
What is the hundred thousands digit of 2848231?
8
What is the thousands digit of 21486339?
6
What is the ten thousands digit of 1945307?
4
What is the hundreds digit of 1755901?
9
What is the hundreds digit of 1880484?
4
What is the tens digit of 2476797?
9
What is the ten thousands digit of 148096?
4
What is the tens digit of 8932526?
2
What is the hundred thousands digit of 1169080?
1
What is the tens digit of 322538?
3
What is the units digit of 13397734?
4
What is the tens digit of 5656145?
4
What is the tens digit of 86125?
2
What is the hundreds digit of 291728?
7
What is the millions digit of 11926590?
1
What is the hundreds digit of 382889?
8
What is the thousands digit of 1026089?
6
What is the tens digit of 741188?
8
What is the millions digit of 4113930?
4
What is the hundred thousands digit of 1561260?
5
What is the thousands digit of 1479?
1
What is the units digit of 123547?
7
What is the units digit of 204700?
0
What is the hundreds digit of 568917?
9
What is the tens digit of 3032256?
5
What is the tens digit of 1252341?
4
What is the tens digit of 23288298?
9
What is the ten thousands digit of 335641?
3
What is the hundred thousands digit of 1650678?
6
What is the thousands digit of 379184?
9
What is the tens digit of 24583370?
7
What is the units digit of 462352?
2
What is the hundreds digit of 38845?
8
What is the hundreds digit of 262423?
4
What is the hundreds digit of 3148126?
1
What is the units digit of 12854?
4
What is the hundreds digit of 50467?
4
What is the tens digit of 587438?
3
What is the ten thousands digit of 291210?
9
What is the tens digit of 8142028?
2
What is the hundreds digit of 3244061?
0
What is the units digit of 2941713?
3
What is the ten thousands digit of 690242?
9
What is the units digit of 744306?
6
What is the thousands digit of 2006420?
6
What is the units digit of 907967?
7
What is the thousands digit of 16802980?
2
What is the millions digit of 18888531?
8
What is the thousands digit of 4271207?
1
What is the millions digit of 2156406?
2
What is the hundred thousands digit of 617309?
6
What is the units digit of 17007865?
5
What is the ten thousands digit of 21892?
2
What is the tens digit of 553157?
5
What is the hundreds digit of 2010155?
1
What is the units digit of 6766757?
7
What is the tens digit of 352152?
5
What is the units digit of 5340134?
4
What is the ten thousands digit of 48557?
4
What is the tens digit of 5887582?
8
What is the hundred thousands digit of 306390?
3
What is the ten thousands digit of 29483851?
8
What is the thousands digit of 5301413?
1
What is the ten thousands digit of 40195?
4
What is the tens digit of 23331469?
6
What is the hundred thousands digit of 1410597?
4
What is the thousands digit of 86590?
6
What is the units digit of 1909138?
8
What is the hundred thousands digit of 152369?
1
What is the units digit of 671949?
9
What is the hundreds digit of 6397259?
2
What is the thousands digit of 406247?
6
What is the hundreds digit of 1382278?
2
What is the hundreds digit of 399472?
4
What is the tens digit of 249595?
9
What is the millions digit of 16674344?
6
What is the units digit of 3753233?
3
What is the ten thousands digit of 483952?
8
What is the hundred thousands digit of 1352478?
3
What is the millions digit of 1484708?
1
What is the millions digit of 2139355?
2
What is the hundred thousands digit of 321807?
3
What is the units digit of 104509?
9
What is the ten thousands digit of 8905055?
0
What is the ten thousands digit of 12135851?
3
What is the hundred thousands digit of 19465223?
4
What is the ten thousands digit of 2015069?
1
What is the ten thousands digit of 28342233?
4
What is the units digit of 6195757?
7
What is the hundred thousands digit of 5792192?
7
What is the units digit of 45967?
7
What is the tens digit of 3170380?
8
What is the hundreds digit of 402440?
4
What is the hundreds digit of 405987?
9
What is the units digit of 32380?
0
What is the hundreds digit of 59403?
4
What is the units digit of 45286?
6
What is the units digit of 148212?
2
What is the thousands digit of 407616?
7
What is the ten thousands digit of 2930658?
3
What is the hundreds digit of 8133337?
3
What is the thousands digit of 3192441?
2
What is the thousands digit of 18902?
8
What is the units digit of 31276?
6
What is the hundred thousands digit of 2028182?
0
What is the hundreds digit of 84223?
2
What is the tens digit of 202390?
9
What is the ten thousands digit of 1492977?
9
What is the thousands digit of 2542274?
2
What is the ten thousands digit of 18636247?
3
What is the ten thousands digit of 15621672?
2
What is the tens digit of 8493304?
0
What is the ten millions digit of 10475940?
1
What is the hundreds digit of 4109433?
4
What is the millions digit of 6321886?
6
What is the units digit of 376128?
8
What is the hundreds digit of 189278?
2
What is the hundred thousands digit of 1859487?
8
What is the ten thousands digit of 167714?
6
What is the units digit of 196332?
2
What is the hundreds digit of 721077?
0
What is the units digit of 1165727?
7
What is the units digit of 1328599?
9
What is the ten thousands digit of 165245?
6
What is the thousands digit of 6889077?
9
What is the hundred thousands digit of 758258?
7
What is the tens digit of 104835?
3
What is the tens digit of 186830?
3
What is the hundreds digit of 29068711?
7
What is the ten thousands digit of 788921?
8
What is the ten thousands digit of 1563045?
6
What is the units digit of 4987?
7
What is the hundred thousands digit of 19910606?
9
What is the hundreds digit of 2581849?
8
What is the hundred thousands digit of 8802408?
8
What is the hundreds digit of 1072588?
5
What is the hundreds digit of 789563?
5
What is the units digit of 111276?
6
What is the units digit of 649934?
4
What is the hundreds digit of 189718?
7
What is the thousands digit of 176342?
6
What is the hundred thousands digit of 1237377?
2
What is the tens digit of 311597?
9
What is the tens digit of 229738?
3
What is the thousands digit of 1695767?
5
What is the tens digit of 361259?
5
What is the hundreds digit of 35555?
5
What is the thousands digit of 170752?
0
What is the units digit of 1569244?
4
What is the hundred thousands digit of 1398249?
3
What is the millions digit of 9424148?
9
What is the units digit of 1460734?
4
What is the tens digit of 24620907?
0
What is the tens digit of 1987935?
3
What is the ten thousands digit of 1549480?
4
What is the thousands digit of 529165?
9
What is the tens digit of 191115?
1
What is the tens digit of 991703?
0
What is the units digit of 309917?
7
What is the tens digit of 13779469?
6
What is the hundred thousands digit of 408450?
4
What is the ten thousands digit of 515952?
1
What is the hundred thousands digit of 591842?
5
What is the hundred thousands digit of 323018?
3
What is the thousands digit of 2704421?
4
What is the millions digit of 21649134?
1
What is the tens digit of 3430848?
4
What is the ten thousands digit of 78026?
7
What is the units digit of 1092963?
3
What is the ten thousands digit of 113951?
1
What is the units digit of 651259?
9
What is the units digit of 12826957?
7
What is the thousands digit of 19516?
9
What is the hundred thousands digit of 4924275?
9
What is the thousands digit of 1222444?
2
What is the thousands digit of 236273?
6
What is the ten thousands digit of 626529?
2
What is the hundreds digit of 741223?
2
What is the units digit of 210750?
0
What is the hundred thousands digit of 115873?
1
What is the ten thousands digit of 2507956?
0
What is the units digit of 4916707?
7
What is the tens digit of 1277981?
8
What is the tens digit of 3748049?
4
What is the tens digit of 307511?
1
Wh